Let d(h) = h**2 - 8*h - 7. Determine d(9).
2
Let k(r) = -16*r - 70. Give k(-4).
-6
Let c(p) = -p**3 - 6*p**2 + 5. What is c(-4)?
-27
Let c(j) = -j**3 - 3*j**2 + 28*j + 1. Determine c(-7).
1
Let x(p) = p + 16. Calculate x(-20).
-4
Let l(x) = x**3 - 4*x**2 + 5*x + 4. Determine l(2).
6
Let d(w) = -w + 9. What is d(-10)?
19
Let z(k) = -2*k**2 + 6*k - 9. Calculate z(6).
-45
Let c(j) = -j - 61. Calculate c(3).
-64
Let o(d) = -2*d**2 - 62*d - 312. Determine o(-25).
-12
Let q(h) = -2*h - 31. Calculate q(-15).
-1
Let i(v) = v**3 - 16*v**2 - 2*v + 16. Give i(16).
-16
Let g(j) = 15*j**2 - j. Calculate g(1).
14
Let i(z) = z**2 - 2*z. What is i(8)?
48
Let u(g) = -28*g - 152. Give u(-5).
-12
Let o(d) = -67*d - 327. Give o(-5).
8
Let d(x) = -x**3 + 2*x**2 + 38*x + 12. Give d(7).
33
Let u(j) = j**3 + 11*j**2 + 7*j - 5. Calculate u(-10).
25
Let u(t) = -t**3 - 13*t**2 - 42*t + 7. Determine u(-7).
7
Let t(w) = -w**3 + 2*w**2 + 23. Give t(5).
-52
Let k(x) = -x**3 + 4*x + 6. Calculate k(-5).
111
Let h(i) = -i**3 + 22*i**2 - 2*i + 46. Calculate h(22).
2
Let y(h) = h**3 - 11*h**2 + 18*h + 4. Determine y(9).
4
Let k(h) = 16*h + 1. Determine k(3).
49
Let m(k) = 3*k**2 + 37*k + 40. Calculate m(-11).
-4
Let v(a) = -2*a**2 - 36*a - 24. Give v(-19).
-62
Let b(z) = 3*z**2 + 42*z - 11. What is b(-14)?
-11
Let k(s) = -s**2 - 15*s + 3. Determine k(-15).
3
Let v(t) = -2*t**3 - 3*t**2 - t + 3. Determine v(-2).
9
Let b(c) = -4*c - 33. Determine b(-10).
7
Let o(k) = 2*k**2 + k - 106. What is o(0)?
-106
Let c(m) = 5*m**2 - 4*m - 2. Give c(4).
62
Let x(o) = -55*o - 327. Give x(-6).
3
Let d(k) = 4*k - 5. Calculate d(-2).
-13
Let v(x) = x**2 + 2*x - 5. Determine v(0).
-5
Let s(d) = 19*d - 1. Determine s(-2).
-39
Let b(l) = -6*l**2 - 2*l - 3. What is b(-1)?
-7
Let n(o) = -58*o**3 + o**2 - o. Give n(1).
-58
Let y(s) = -3*s + 51. What is y(10)?
21
Let g(s) = -5*s - 19. What is g(-4)?
1
Let n(m) = 3*m - 33. What is n(12)?
3
Let b(h) = -h**3 + 8*h**2 + 5*h - 7. What is b(8)?
33
Let u(l) = l**2 + 4*l - 5. Determine u(-5).
0
Let i(l) = 2*l**2 + 2*l + 2. Determine i(-2).
6
Let a(d) = -17*d**2 - 3*d. Determine a(-2).
-62
Let l(q) = -10*q + 22. Determine l(-9).
112
Let p(s) = 31*s + 12. Give p(-2).
-50
Let a(x) = -x**2 - 15*x + 63. Give a(-19).
-13
Let x(p) = -10*p + 4. Determine x(3).
-26
Let w(a) = 2*a**2 - 8*a - 10. Give w(5).
0
Let s(x) = x**3 + 9*x**2 + 4*x + 1. Determine s(-8).
33
Let x(u) = u**3 + 6*u**2 + 2*u + 11. Give x(-7).
-52
Let c(p) = p**3 + 15*p**2 + 13*p - 18. Calculate c(-14).
-4
Let x(h) = -h + 3. Give x(5).
-2
Let k(l) = l**2 - 8*l - 4. Calculate k(7).
-11
Let g(j) = -2*j**2 + 13*j + 13. Give g(8).
-11
Let w(h) = -h**3 + 2*h**2 + 6*h. Determine w(-2).
4
Let r(j) = -11*j**2 + 12*j + 11. Calculate r(-1).
-12
Let v(f) = f**3 - 5*f**2 + 2*f - 7. Calculate v(5).
3
Let o(d) = -d**3 + 8*d**2 - 6. Calculate o(3).
39
Let z(h) = 2*h**3 - 92*h**2 - 3*h + 133. What is z(46)?
-5
Let k(n) = n + 22. Calculate k(-7).
15
Let q(k) = k**3 + 16*k**2 + 62*k - 7. What is q(-9)?
2
Let h(z) = -z**3 + 2*z**2 + 2*z - 57. What is h(0)?
-57
Let w(b) = -b**3 + 19*b**2 - 36*b - 2. Calculate w(17).
-36
Let t(l) = l**3 + 16*l**2 + 13*l - 12. Give t(-15).
18
Let f(k) = 2*k**2 + 6*k - 1. Calculate f(-5).
19
Let h(n) = 2*n**2 + 5*n - 13. What is h(-7)?
50
Let i(k) = 4*k + 2. Calculate i(-2).
-6
Let r(i) = -12*i + 65. Determine r(5).
5
Let j(t) = -t - 34. Give j(-10).
-24
Let d(i) = -4*i - 4. What is d(-2)?
4
Let b(g) = -g**3 + 3*g**2 + 7*g + 1. Determine b(5).
-14
Let l(q) = 2*q**3 + q**2 + 2. Determine l(2).
22
Let d(o) = o**3 + 22*o**2 + 12*o + 269. Give d(-22).
5
Let z(k) = 8*k + 12. Calculate z(8).
76
Let g(o) = 7*o + 18. Give g(-8).
-38
Let t(b) = 3*b - 3. What is t(-2)?
-9
Let y(p) = p**3 + p**2 - 2*p - 15. Give y(0).
-15
Let l(w) = w - 62. Calculate l(-4).
-66
Let d(t) = 30*t**2 + 1. What is d(-1)?
31
Let t(w) = -4*w**2 + 11*w + 7. What is t(-3)?
-62
Let q(u) = -u**3 - 5*u**2 + 5*u + 4. Calculate q(-6).
10
Let w(n) = 63*n**3 - n**2 + n + 1. Determine w(-1).
-64
Let d(m) = m**3 + 9*m**2 - 12*m - 21. What is d(-10)?
-1
Let l(n) = -3*n + 10. What is l(5)?
-5
Let c(a) = 7*a**3 + 8*a**2 + 15*a + 1. Give c(-2).
-53
Let u(l) = -5*l + 16. Give u(0).
16
Let u(w) = 2*w - 5. Determine u(6).
7
Let k(s) = 4*s**2 + 32*s + 4. Determine k(-7).
-24
Let c(m) = -m**3 + 9*m**2 + 12*m - 32. What is c(10)?
-12
Let g(b) = 31*b - 856. What is g(27)?
-19
Let g(n) = n**3 + 15*n**2 - 15*n + 15. Give g(-16).
-1
Let n(p) = -p**3 - 5*p**2 + 22*p + 100. What is n(-6)?
4
Let b(y) = 6*y + 452. Calculate b(-75).
2
Let x(a) = a**2 + 9*a - 19. Give x(-11).
3
Let h(y) = -3*y + 7. Determine h(8).
-17
Let s(m) = 3*m**3 - 11*m**2 - 3*m + 8. Give s(4).
12
Let w(v) = -6*v + 27. Calculate w(5).
-3
Let y(j) = -8*j - 10. What is y(-4)?
22
Let h(c) = -c**3 - 27*c**2 - 46*c + 103. What is h(-25)?
3
Let r(f) = -3*f**3 + 2*f - 2. What is r(1)?
-3
Let u(p) = p**2 + 3*p - 13. What is u(-6)?
5
Let a(o) = 2*o**2 - 4*o - 14. Calculate a(6).
34
Let u(s) = 10*s + 123. Determine u(-12).
3
Let q(s) = 137*s + 136. Calculate q(-1).
-1
Let k(q) = -q**3 + 21*q**2 + 45*q - 5. Calculate k(23).
-28
Let u(v) = 2*v - 9. Determine u(0).
-9
Let c(x) = -10*x + 84. Calculate c(8).
4
Let i(u) = -2*u + 27. Calculate i(12).
3
Let z(s) = s**2 + 29*s - 234. Give z(7).
18
Let m(n) = -5*n + 2. Calculate m(-3).
17
Let i(c) = -c**3 - 8*c**2 - 3*c - 10. Calculate i(-7).
-38
Let j(n) = -4*n + 36. What is j(8)?
4
Let t(h) = h + 13. Determine t(-10).
3
Let r(h) = 7*h - 3. Calculate r(-7).
-52
Let v(k) = -k**3 - 5*k**2 + 23*k + 111. What is v(-6)?
9
Let t(m) = m**3 + 19*m**2 - 66*m - 3. What is t(-22)?
-3
Let q(p) = -p**2 + 8*p + 196. What is q(-10)?
16
Let v(n) = -2*n - 27. What is v(0)?
-27
Let g(d) = -2*d**2 - 8*d + 2. Determine g(-7).
-40
Let v(q) = q**3 + 28*q**2 + 26*q - 25. What is v(-27)?
2
Let o(z) = z - 20. Give o(22).
2
Let l(b) = 29*b - 320. What is l(11)?
-1
Let f(s) = -5*s - 5. Calculate f(4).
-25
Let x(g) = g**3 + 4*g**2 - 5*g - 1. Give x(-5).
-1
Let f(v) = -2*v**2 + 64*v + 41. Give f(32).
41
Let g(j) = 2*j + 7. Determine g(-2).
3
Let z(s) = 2*s**3 + 17*s**2 + 2*s - 12. Calculate z(-8).
36
Let s(j) = -11*j + 155. Calculate s(14).
1
Let q(w) = -w**2 - 10*w - 8. What is q(-7)?
13
Let x(u) = -u**3 + 4*u**2 - 3*u + 3. What is x(4)?
-9
Let s(d) = 28*d + 104. Give s(-5).
-36
Let y(x) = -x**2 - 9*x - 10. What is y(-9)?
-10
Let u(p) = -14*p - 17. Determine u(-4).
39
Let u(d) = d**2 - 2. Determine u(4).
14
Let j(b) = b**3 + 5*b**2 - 9. Determine j(-5).
-9
Let f(s) = -14*s - 17. Determine f(-1).
-3
Let g(l) = -11*l + 67. Calculate g(6).
1
Let f(s) = s - 2. What is f(3)?
1
Let g(j) = -j**2 + 12*j - 23. Determine g(10).
-3
Let y(k) = -2*k**2 + 20*k + 12. Calculate y(10).
12
Let z(u) = 2*u**3 + 21*u**2 + 5*u - 7. Calculate z(-10).
43
Let t(m) = 118*m - 596. Calculate t(5).
-6
Let c(g) = 3*g**2 - 2*g + 6. Give c(4).
46
Let a(o) = 8*o + 3. Determine a(3).
27
Let t(f) = -f**3 - 14*f**2 - 2*f - 18. Calculate t(-14).
10
Let o(m) = -m**3 + 5*m**2 + 13*m. Give o(7).
-7
Let w(z) = z**3 - z. What is w(-1)?
0
Let b(c) = -3*c**2 - 9*c + 8. Determine b(2).
-22
Let c(t) = -t**3 - 6*t**2 - 5*t - 7. What is c(-6)?
23
Let n(x) = x**3 - 6*x**2 - 2*x + 41. Give n(4).
1
Let t(d) = 15*d + 5. Determine t(-2).
-25
Let s(y) = 46*y**3 + 3*y**2 + y. Determine s(-1).
-44
Let s(y) = -8*y**3 + y**2 + 5*y - 12. Determine s(3).
-204
Let p(g) = 3*g**2 - 8*g - 17. What is p(6)?
43
Let z(k) = 5*k - 20. What is z(5)?
5
Let c(n) = n**2 + 24*n + 31. What is c(-24)?
31
Let g(j) = j**3 - 11*j**2 - 7*j + 4. Calculate g(12).
64
Let d(y) = -y**3 + 23*y**2 + 25*y - 24. Calculate d(24).
0
Let i(h) = -h**3 - 2*h**2 + 6*h + 2. Give i(-5).
47
Let j(h) = h**3 - 8*h**2 + 8*h - 5. What is j(7)?
2
Let y(h) = -2*h**2 - 28*h + 40. Give y(-15).
10
Let z(i) = -i**2 + 36*i - 169. What is z(29)?
34
Let u(y) = 2*y + 57. What is u(0)?
57
Let s(l) = 8*l - 158. What is s(19)?
-6
Let c(y) = 18*y - 102. Calculate c(6).
6
Let k(l) = -4*l + 29. Calculate k(9).
-7
Let i(y) = -3*y**3 + 2*y**2 - 1. Calculate i(-1).
4
Let q(w) = 12*w**2 - 4*w + 4. Give q(3).
100
Let a(b) = b**2 + 24*b + 133. Calculate a(-13).
-10
Let g(c) = -c**3 + 16*c**2 - 33*c + 35. What is g(13)?
113
Let q(p) = -13*p + 180. Calculate q(18).
-54
Let l(y) = -y**3 + 10*y**2 - 